)). Let a(j) = j**3 - 5*j**2 - 5*j - 6. What is a(f)?
0
Let h(s) = -s**3 + 5*s**2 - 3*s - 4. Suppose 2*y - 5*z - 33 = 0, 3*z - 27 = -2*y - 2*y. Let o = y + -5. What is h(o)?
0
Let t be 1*5 - (-15 + 17). Suppose 0*k = k - t. Let r(n) = n**3 - 2*n**2 - n. What is r(k)?
6
Suppose -23 = 5*i + 22. Let o = -12 - i. Let r(c) be the third derivative of -c**6/120 - c**5/30 + c**4/12 + 3*c**2. Calculate r(o).
3
Let r(x) = -2 + 10*x - 11*x - 1. Let j be (-2)/(-9) - 6/27. Calculate r(j).
-3
Let j(y) = 5*y - 5. Suppose -2*a = 4*d + 64, d + a - 36 = 3*d. Let b(t) = -14*t + 15. Let h(f) = d*j(f) - 6*b(f). Calculate h(0).
-5
Let s(h) = h**2 - 2*h**2 - 6*h + 1 - 1. Let t be s(-6). Let k(z) = -z + 7. What is k(t)?
7
Let p(h) = -3*h + 1. Let j(r) = r. Let s be (8/(-6))/(-2)*9. Let d(t) = s*p(t) + 17*j(t). What is d(0)?
6
Let t(k) = -k**3 + 4*k**2 + k - 4. Suppose 4*r + y - 13 = 0, -17 = 2*r - 7*r - 2*y. Determine t(r).
8
Let l = -6 - -3. Let a(s) be the second derivative of s + 1/2*s**2 - 1/3*s**3 + 1/20*s**5 + 1/6*s**4 + 0. Determine a(l).
-2
Let y(p) = -p**2 - 2*p + 3. Suppose 0 = -a + 4*a + 9. Let t be y(a). Let m(h) = -4*h - 1. Let x(r) = -r + 1. Let f(g) = -m(g) + 3*x(g). Give f(t).
4
Let m be (8/(-10))/(6/(-45)). Let x(w) = w**2 - 5*w + 4. What is x(m)?
10
Let s(c) = -4*c - 2 + 3*c + 5. Determine s(4).
-1
Let r(i) be the third derivative of i**5/10 + i**4/24 - i**3/6 - 10*i**2. Determine r(1).
6
Let y(g) = g**2. Suppose b = -l, 3*b = -5*l + 7 - 5. Suppose v + 3*a + 11 = 0, -4*a = -v - v + 8. Let x = v - b. Give y(x).
1
Let j(t) = -t**2 - 13*t + 18. Let l be j(-14). Let u(y) = 2*y - 3. What is u(l)?
5
Let w(j) be the first derivative of 1/4*j**4 + 7 + 0*j - 7/2*j**2 - 5/3*j**3. Let b(g) = 2*g - 2. Let f be b(4). Calculate w(f).
-6
Let n = 1 - 1. Suppose -4*b + 0 - 12 = n. Let y(u) be the first derivative of -u**4/4 - u**3 + u**2/2 - 3. Calculate y(b).
-3
Let j(l) = -6*l**2 - 4*l + 8. Let i(h) = 5*h**2 + 4*h - 7. Let q(m) = 5*i(m) + 4*j(m). Give q(-4).
-3
Let z(x) = 4. Let v(r) = -r. Let w(f) = -4*v(f) - z(f). Determine w(4).
12
Let n = -15 + 9. Let d(g) = g**2 + 7*g - 3. Determine d(n).
-9
Suppose -26 + 6 = -4*j. Let r = 9 - 16. Let m = r + j. Let u(o) = -5*o - 1. Give u(m).
9
Let u = -1 + 2. Let p = -1 + u. Let a(g) = -2*g + 5. Let l(q) = -q + 3. Let v(b) = -4*a(b) + 9*l(b). Determine v(p).
7
Let v(a) = -2*a**3 - 13*a**2 + 10*a + 17. Let i be v(-7). Let b(w) = w - 5. Calculate b(i).
-9
Let a(s) = -s + 1. Let v be a(-2). Suppose g - 4*p = -3*g + 20, -v*p - 3 = -g. Let r(y) = g*y - 1 + y**2 - 6*y. Determine r(2).
3
Suppose 3*l = 4*q - 0 + 38, -2*l - 2*q + 2 = 0. Let t(a) be the first derivative of -a**4/4 + 7*a**3/3 - 4*a**2 + 5*a - 1. What is t(l)?
-7
Let l(o) = -6 + o + 11 - 1. Determine l(5).
9
Suppose -10*y + 5*y = -40. Suppose 5*d + y = d. Let j(h) = 2*h**2 + 2*h - 2. Calculate j(d).
2
Let g(r) = r. Let m be 10/95 - 4/38. Give g(m).
0
Let d(n) be the second derivative of -n**5/5 - n**2/2 + 73*n - 2. Let a = -1 - 0. What is d(a)?
3
Let j(z) = z**3 - 4*z**2 + 3. Let l be j(4). Let d(y) = -y**3 + 2*y**2 + 4*y. Determine d(l).
3
Let i be 0/((-4)/(-2) - 1). Let u(v) = -4 + i - v**2 + 5 + v. Let a be (-2 + 2)*5/(-20). What is u(a)?
1
Suppose -5*v + 12 = v. Let u(x) be the first derivative of 2*x - x**2 + 1/3*x**3 + 2. Give u(v).
2
Let j(y) = -3*y**3 - y**2 + y - 6. Let x(w) = -16*w**3 - 5*w**2 + 4*w - 31. Let o(p) = 11*j(p) - 2*x(p). Give o(-3).
5
Let x(n) = n**2 + 7*n - 3. Let o(z) = 2*z**2 + 13*z - 7. Let i(u) = -4*o(u) + 7*x(u). Let t be 38/(-8) - 6/24. Calculate i(t).
-3
Let r = 8 - 8. Let q(u) = r*u**2 - 2*u**2 + 2 - 1. Calculate q(1).
-1
Let g be 4 + (6 - 4) + 4. Let y(f) = -f**3 + 11*f**2 - 12*f + 13. Give y(g).
-7
Let b be 0 + -2 + (-2 - -2). Let i = b - 3. Let p(t) be the first derivative of t**3/3 + 5*t**2/2 - 4*t + 2. Calculate p(i).
-4
Let l be ((-36)/14)/((-3)/(-21)). Let t be 50/6 + (-12)/l. Let j(k) = 1 - t*k**3 - 4 + 2 + 4*k**2 - 3*k**2. Give j(1).
-9
Let b(r) = r**2 + 3*r - 3. Let p be b(-4). Let j(y) = 0 - 3*y + 2 - 7 - p. Suppose 5*l + 15 = -4*v, -l = -2*v + 4*l - 15. Give j(v).
9
Suppose -2*y = 3*l - 3 + 8, -4 = 5*y - l. Let s be y*0/((-2)/2). Let i(n) = -3 - 10 + 9 - n - n**2. Give i(s).
-4
Let x(q) be the second derivative of -q**4/6 + q**3/2 - 9*q + 2. Determine x(3).
-9
Let f(y) = -6*y**2 + 2*y - 1. Let n be (0 - -2)/((-1)/(-2)). Suppose 0 = g + 3*w + 2, -n*g - w + 3 = -0*w. What is f(g)?
-5
Suppose 3*y = -3*n + 9, -13 - 8 = y - 5*n. Let u = 2 - 2. Let w(j) = -4*j + u*j - 3*j + 4*j. Determine w(y).
3
Let u(s) = -s**3 + 2*s**2 - s + 1. Suppose r - 4*l + 4 = -0*l, -r + l = -5. Suppose 0 = -2*t + r - 6. Calculate u(t).
1
Suppose 3*c - 26 = 4. Let r = c + -10. Let q(n) = 1 - 2 - 2*n**2 + n**2. Calculate q(r).
-1
Let f(u) = -19*u**2 + 7*u + 9. Let v(n) be the second derivative of -5*n**4/6 + 2*n**3/3 + 5*n**2/2 - 6*n. Let w(d) = 4*f(d) - 7*v(d). Calculate w(1).
-5
Let d = 2 - -1. Let a(l) = -3*l**d + 5*l**3 + 6*l - 2*l**2 - 1 - 4*l + 0*l**3. What is a(1)?
1
Suppose 2*t = 3*t. Let s(m) be the second derivative of t + 3/2*m**2 + 1/12*m**4 - m + 7/6*m**3. Give s(-5).
-7
Suppose -18*m - 12 = -6*m. Let z(k) = 7*k**2 - k + k. Determine z(m).
7
Suppose -5*w + 0 = -15. Let f(o) be the second derivative of -o**3/3 + 3*o**2/2 - 5*o. What is f(w)?
-3
Let p(m) = m**2 + 7*m. Suppose 4*b + 3*l = -30, 5*b + l + 20 = 2*b. Calculate p(b).
-6
Let w(g) = -2*g - 1. Let r be w(4). Let y = -13 - r. Let s(a) = a**2 + 5*a + 2. Give s(y).
-2
Let a = 6 - 2. Suppose 6 = -a*u - 6. Let v(b) = 1 - 9*b + b + 9*b. Calculate v(u).
-2
Let j(g) = g**2 - 2*g - 3. Suppose -t - 4*t = 0. Let s be 3 + 0 - 0 - t. Calculate j(s).
0
Let y be 2*2/(-4) - 5. Let o(l) = 7*l**2 + 15*l + 5. Let g(j) = 3*j**2 + 7*j + 2. Let z(u) = -5*g(u) + 2*o(u). Give z(y).
-6
Suppose 0*o = 2*o - 26. Suppose k - 5*f + 0 = o, f = -k - 5. Let x(b) be the second derivative of b**4/12 + 2*b**3/3 + b**2 + 5*b. What is x(k)?
-2
Let s(f) be the third derivative of 1/6*f**3 + 0 + 0*f + 1/8*f**4 - 3*f**2. Give s(-6).
-17
Let x be (-3*1)/(2 + -1). Let m(v) = 2*v - 9. Let a be m(6). Let i(s) = 2 - 4*s**2 + 2 - s + a*s**3 - 4*s**3. Determine i(x).
-2
Let k(c) = 2 + 2*c - 1 + c**2 - 2. Let r(i) = -2*i - 4. Let q be r(-4). Suppose -3*y - q = -y. Calculate k(y).
-1
Let h(f) = -f**2 + 7*f - 7. Let q be 245/42 + (-1)/(-6). Calculate h(q).
-1
Let q = -5 + 11. Let r(l) = 2 - 3*l - 5 + q*l. What is r(2)?
3
Let q(u) = -u**3 + u - 8. Suppose -4 = -5*c - 4*k, 3*k = -2*k + 5. Suppose -6*h + h = c. Give q(h).
-8
Let q(f) = -3*f**2 + 9*f + 1. Let s(z) be the third derivative of -z**5/30 + z**4/3 + 2*z**2. Let p(b) = -3*q(b) + 4*s(b). Give p(-4).
-7
Let v(h) be the first derivative of h**5/20 - h**4/8 + h**3/2 + 7*h**2/2 + 1. Let c(n) be the second derivative of v(n). Give c(2).
9
Suppose -3*x = 3*k - 24, 3*x - 4*k + 0 = 3. Let d(s) = 2*s**3 + 0*s**2 - 3*s**3 - s - 5 + 3*s + x*s**2. What is d(5)?
5
Let t(g) = g**3 + 17*g**2 + g + 21. Let k be t(-17). Let b(f) = -3*f - 3*f**2 + 4 + f**3 - 2*f + 0*f. Determine b(k).
0
Suppose 0 = 2*j + j - 30. Let o be j/3 - (-4)/6. Let x(i) = 5*i - 4 - o*i + 2. Determine x(2).
0
Suppose -4*q + 6 = -2*q, -2*q - 26 = 4*b. Let v(d) = d**2 + 8*d - 7. What is v(b)?
-7
Let s(h) be the third derivative of h**5/60 - h**4/12 - 2*h**3/3 + 8*h**2. Give s(5).
11
Suppose -3*a + 2 = -5*f, a = 3*f - 0 + 2. Let j be (-1 - 1)*1 + 4. Let d(k) = 4*k**3 - 3 + k**j + 5 - 3 - k. Give d(f).
-3
Let x(g) = g**3 - 3*g**2 + g - 1. Suppose 14*c - 16*c = -16. Let b be ((-12)/c)/(6/(-8)). Calculate x(b).
-3
Let j(t) = -1 + 2*t + t**3 - 2 - 4*t + 7 - 4*t**2. Let v(p) = p**3 + 13*p**2 + 12*p + 4. Let w be v(-12). Calculate j(w).
-4
Let d(j) = 1. Let n(m) = -m + 1. Suppose -3*v - 5 = 10. Let a(b) = v*d(b) + n(b). Calculate a(-2).
-2
Let d(o) be the second derivative of o**4/12 + o**3/3 - 2*o**2 - 9*o. Give d(-4).
4
Suppose 0 = -0*n + n. Let r(w) be the second derivative of -1/3*w**4 - 2*w + 0*w**3 + 0 + 1/20*w**5 + n*w**2. Determine r(3).
-9
Suppose -2*q + 2 = -4. Let k(o) = 4*o - 7. Determine k(q).
5
Let z(q) = -q**3 + 6*q**2 + q + 5. Let x(i) = i**3 - 6*i**2 - 2*i - 5. Let c(m) = -3*x(m) - 4*z(m). Determine c(6).
7
Let a = -4 - -2. Let m be ((-9)/a)/(21/14). Let s(t) = t**2 - t. Let p(l) = -l**3 + 7*l**2 - 5*l. Let d(i) = p